{"id":3046,"date":"2022-06-14T13:57:33","date_gmt":"2022-06-14T13:57:33","guid":{"rendered":"https:\/\/serwer2035769.home.pl\/autoinstalator\/wordpress7\/?page_id=3046"},"modified":"2022-08-05T14:45:13","modified_gmt":"2022-08-05T14:45:13","slug":"zawiadomienie-w-sprawie-inwentaryzacji-przyrodniczej","status":"publish","type":"page","link":"https:\/\/dw211-glincz-stes.pl\/?page_id=3046","title":{"rendered":"Zawiadomienie w sprawie inwentaryzacji przyrodniczej"},"content":{"rendered":"<p><span style=\"font-size: 12pt; color: #808080;\">28 kwietnia 2022<\/span><\/p>\n<p style=\"text-align: justify;\"><span style=\"color: #000000;\">W zwi\u0105zku z prowadzeniem inwentaryzacji przyrodniczej oraz inwentaryzacji zabudowy na potrzeby budowy odcinka po\u0142\u0105czenia drogi wojew\u00f3dzkiej nr 211 z Obwodnic\u0105 Metropolitaln\u0105 w\u0119ze\u0142 Glincz informujemy, \u017ce do marca 2023 r. w gminie \u017bukowo (obr. ewid. Borkowo, Glincz, \u017bukowo M.) zesp\u00f3\u0142 ekspert\u00f3w przyrodnik\u00f3w z firmy NATURPROJEKT Sp. z o.o. i Pracownia Bada\u0144 Ekologicznych NATURA Marek Wierzba b\u0119dzie wykonywa\u0142 badania terenowe <span>(w tym dokumentac<span style=\"color: #000000;\">j\u0119 fotograficzn\u0105 wymagan\u0105 przez Zarz\u0105d Dr\u00f3g Wojew\u00f3dzkich w Gda\u0144sku oraz Regionalnego Dyrektora Ochrony \u015arodowiska w Gda\u0144sku).<\/span><\/span><\/span><\/p>\n<p style=\"text-align: justify;\"><span style=\"color: #000000;\">Odb\u0119dzie si\u0119 r\u00f3wnie\u017c wizja lokalna, kt\u00f3rej celem jest weryfikacja zabudowy mieszkaniowej wraz z wykonaniem dokumentacji fotograficznej.<\/span><\/p>\n<p style=\"text-align: justify;\"><span style=\"color: #000000;\">W przypadku konieczno\u015bci udzielenia szczeg\u00f3\u0142owych informacji na temat prowadzonych prac lub te\u017c zakresu inwestycji prosz\u0119 o kontakt:<\/span><br \/>\n<span style=\"color: #000000;\">Tomasz Kammer &#8211; Kierownik Projektu &#8211; Multiconsult Polska<\/span><br \/>\n<span style=\"color: #000000;\">Tel.: 665 190 281<\/span><br \/>\n<span style=\"color: #000000;\">Mail: tomasz.kammer@multiconsultgroup.com<\/span><\/p>\n<p><span style=\"color: #000000;\">Przedmiotowy zakres prac realizowany jest na zlecenie Zarz\u0105du Dr\u00f3g Wojew\u00f3dzkich w Gda\u0144sku.<\/span><\/p>\n<p style=\"text-align: justify;\"><span style=\"color: #000000;\">Niniejsze zadanie inwestycyjne nale\u017cy do inwestycji strategicznych Wojew\u00f3dztwa Pomorskiego. Projekt wsp\u00f3\u0142finansowany z Europejskiego Funduszu Spo\u0142ecznego w ramach Regionalnego Programu Operacyjnego Wojew\u00f3dztwa Pomorskiego na lata 2014-2020.<\/span><\/p>\n<p style=\"text-align: justify;\"><span style=\"color: #000000;\">Prosimy mieszka\u0144c\u00f3w miejscowo\u015bci Glincz, Borkowo i \u017bukowo o pomoc w realizacji w\/w prac terenowych i umo\u017cliwienie wst\u0119pu na teren swoich nieruchomo\u015bci.<\/span><\/p>\n<p><a href=\"https:\/\/dw211-glincz-stes.pl\/wp-content\/uploads\/2022\/06\/Zawiadomienie-w-sprawie-inwentaryzacji-przyrodniczej.pdf\">Zawiadomienie w sprawie inwentaryzacji przyrodniczej<\/a><\/p>\n<p>&nbsp;<\/p>\n","protected":false},"excerpt":{"rendered":"<p>28 kwietnia 2022 W zwi\u0105zku z prowadzeniem inwentaryzacji przyrodniczej oraz inwentaryzacji zabudowy na potrzeby budowy odcinka po\u0142\u0105czenia drogi wojew\u00f3dzkiej nr 211 z Obwodnic\u0105 Metropolitaln\u0105 w\u0119ze\u0142 Glincz informujemy, \u017ce do marca 2023 r. w gminie \u017bukowo (obr. ewid. Borkowo, Glincz, \u017bukowo M.) zesp\u00f3\u0142 ekspert\u00f3w przyrodnik\u00f3w z firmy NATURPROJEKT Sp. z o.o.<a class=\"moretag\" href=\"https:\/\/dw211-glincz-stes.pl\/?page_id=3046\"> Czytaj dalej<\/a><\/p>\n","protected":false},"author":2,"featured_media":2991,"parent":0,"menu_order":0,"comment_status":"closed","ping_status":"closed","template":"","meta":{"_monsterinsights_skip_tracking":false,"_monsterinsights_sitenote_active":false,"_monsterinsights_sitenote_note":"","_monsterinsights_sitenote_category":0},"_links":{"self":[{"href":"https:\/\/dw211-glincz-stes.pl\/index.php?rest_route=\/wp\/v2\/pages\/3046"}],"collection":[{"href":"https:\/\/dw211-glincz-stes.pl\/index.php?rest_route=\/wp\/v2\/pages"}],"about":[{"href":"https:\/\/dw211-glincz-stes.pl\/index.php?rest_route=\/wp\/v2\/types\/page"}],"author":[{"embeddable":true,"href":"https:\/\/dw211-glincz-stes.pl\/index.php?rest_route=\/wp\/v2\/users\/2"}],"replies":[{"embeddable":true,"href":"https:\/\/dw211-glincz-stes.pl\/index.php?rest_route=%2Fwp%2Fv2%2Fcomments&post=3046"}],"version-history":[{"count":2,"href":"https:\/\/dw211-glincz-stes.pl\/index.php?rest_route=\/wp\/v2\/pages\/3046\/revisions"}],"predecessor-version":[{"id":3066,"href":"https:\/\/dw211-glincz-stes.pl\/index.php?rest_route=\/wp\/v2\/pages\/3046\/revisions\/3066"}],"wp:featuredmedia":[{"embeddable":true,"href":"https:\/\/dw211-glincz-stes.pl\/index.php?rest_route=\/wp\/v2\/media\/2991"}],"wp:attachment":[{"href":"https:\/\/dw211-glincz-stes.pl\/index.php?rest_route=%2Fwp%2Fv2%2Fmedia&parent=3046"}],"curies":[{"name":"wp","href":"https:\/\/api.w.org\/{rel}","templated":true}]}}